(292 - 239).
60
What is the value of -18 + (6 - -10) + 44 + (-8 - (-5 + 2))?
37
Evaluate 14 + -63 + (-45 - -58).
-36
Evaluate 67 + -43 + -1 - (1 - 5 - -4).
23
What is the value of -11 + -105 + 93 - -24?
1
What is (-11 - (17 + 0) - -3) + 15 + -16?
-26
What is 1231 + -1217 - (-7 + 2)?
19
Evaluate -9 - (17 - (12 - -22)) - ((1 - 1) + 5).
3
What is the value of -2 + (-6 - (11 + 3)) + (-1 - (-2 - 3))?
-18
What is 5 - (-10 - -23) - -2?
-6
Calculate -24 + -56 - (293 + -357).
-16
What is the value of 10 - (-49 - (-8 + (-3 - 13) + 12))?
47
Evaluate -63 - (120 + -62 + -138).
17
What is the value of -66 + 26 - -62 - 39?
-17
What is the value of (-1307 - -1289) + (2 + -5 - 60) + (-12 - 1)?
-94
Calculate 34 + -12 + 18 + -38.
2
-78 - 2 - (-13 - (-36 + (4 - (14 - 22))))
-91
Calculate -143 + 201 + (-7 - (2 + -2)).
51
What is (-47 - -201) + -10 + 1 - (-27 + 29 - 5)?
148
Calculate 11 + -24 + -49 + 45.
-17
Calculate -67 + 96 + (89 - 64).
54
-153 + 16 + 61 + -6
-82
-46 + 15 - ((5 - -4) + 1 + -4 + 3)
-40
What is the value of -41 - (-10 + -13 + 4 + 5 + 12)?
-39
(1 - 3) + (-15 - (-110 - -51))
42
Calculate -6 + 8 - (80 - 0 - 87).
9
Calculate -43 - (-1 - -2) - ((59 - 48 - 22) + -4).
-29
What is -3626 - -3632 - (-49 - -2)?
53
(-4 - 3) + (17 - (11 - -38)) + -6
-45
What is the value of -13 + (42 - 4 - (-22 + 14) - 7)?
26
Calculate 11 + -1 + -5 - (-47 + -36 - -11).
77
What is the value of -14 + 29 - (8 + (1 - -3) + 82)?
-79
What is the value of -26 + (76 - 65) - (-8 + 14 + (-130 - 4))?
113
What is the value of (-13 - -38 - 48) + 36 + (125 - -3)?
141
What is (-1 - (4 + -2)) + 833 + -829?
1
What is 2 + -101 + -2 + 6 + (73 - 60)?
-82
Calculate -56 + (5 - -54) - (-1 - (-5 - 1)) - -38.
36
Evaluate -11 + 10 + (153 - 124) - 16.
12
Calculate 50 - 35 - ((-42 - -18) + -18).
57
187 + -238 - (-43 - 15)
7
What is the value of 12 - 31 - (0 + 18 - -45)?
-82
Calculate 4 + -51 + 34 - (1 + -10) - -43.
39
-48 + 2 + 15 + -14 - (-4 + -3)
-38
Calculate (266 - 261) + 4 + -1 + 0 + -4 + 26.
30
What is 11 + -3 + -3 - (18 + 5 + 8)?
-26
Calculate 10 + 14 - (-57 + 41).
40
0 + -38 + (-124 - -62) + 27
-73
-16 + -10 - (-80 + 84)
-30
Calculate (16 - (-29 + 61)) + 15 + -74.
-75
What is (-105 - 0) + (10 - (5 + -11))?
-89
Calculate -33 - (15 - (28 + -5 - 17)).
-42
What is -10 + -7 + 12 - (-16 + (12 - -48))?
-49
(1 + 2 + 63 - -1) + (25574 - 25581)
60
What is 1 + -2 + (-15 + 34 - 25)?
-7
What is the value of 10 - (-10 - (2 - -1) - -71)?
-48
Evaluate (-55 - 0) + -16 + 13 + 19 + -21 + 14.
-46
What is -5 - (29 + -12 + -13) - (1 + -56)?
46
0 + (-2 - 2 - -4) + (10 - -9 - 13)
6
23 - (-2 - -35) - -49
39
What is 11 + -18 + (46 - -15 - 13)?
41
What is the value of (4 + -2 - 2 - 7) + (-1767 - -1745)?
-29
Calculate -23 + 52 - (66 + -62).
25
What is the value of -1 + 4 + -5 + (4 - (-1 - -6) - 58)?
-61
What is the value of 55 + (7 - 1 - (-255 - -265) - 5)?
46
45 + 32 + -44 + -15
18
Calculate 16 + -27 - 55 - -83.
17
Calculate -36677 + 36677 - (0 - (0 + (1 - 35) + 0)).
-34
-18 - (-16 - 2 - (121 - 111))
10
What is the value of (-65 - (-3 + -19 - -4)) + -7?
-54
Evaluate (60 + 4 - 21) + -19 - (0 - -12).
12
What is (1988 - 2002) + (-1 - (-1 - -3) - -7)?
-10
What is -108 - -52 - -37 - -39?
20
What is the value of -19 + 71 + (-2 - (12 - 1 - 32))?
71
What is -17 + (37 - 1 - (70 - 127))?
76
-15 + -4 + 13 + -47 + 25
-28
-48 + 28 - 11 - 20
-51
-104 + (0 - -3) + (385 - 371)
-87
What is -13 + (-9 - -18) + (0 + 4 - 0)?
0
(4 + -1 - (-424 + 446 - (-2 - -29))) + -107
-99
Evaluate -1 - (-16 + (10 + 65 - 14)) - 6.
-52
What is 27 + (-1406 - -1435 - (0 + -12))?
68
Evaluate 2432 + -2405 - ((-2 - (-2 - -1)) + 0).
28
What is (35 - 0) + (-11021 - -10985)?
-1
22 - (-3 + 13 + -15 - -21)
6
Calculate 112 + -3 + -3 + (-21 - (-19 - -9 - 9)).
104
Evaluate 135 + (-51 - -33 - 40).
77
Calculate -18 + (77 + -88 - (10 - (2 - -2))).
-35
Calculate -1 + (3 - 1) + -30 - (-105 + -51 + 166).
-39
Evaluate -26 + (-5 - 43 - -56) - (1 - 130).
111
What is -7321 + 7289 - (21 + -1)?
-52
Evaluate 37 - (3 - (1 - -14) - (2 - 18)).
33
-34 + 30 - (2 + -34 + -4 + -5)
37
What is the value of (-105 - -131) + 10 + -2 + -1?
33
Calculate (1 - -38) + -305 + 284 - 16.
2
What is the value of 6 - (-4 - -17) - (35 - 27 - (-33 - 2))?
-50
What is -17 + 29 + (87 - (-18 - -43) - (0 + 8))?
66
Evaluate 48 - (44 + -16) - 31.
-11
What is the value of 37 + (66 - 52) - (-5 - 20)?
76
Evaluate (2 - 28) + -8 + 22 + -48.
-60
-59 + (28 - -14) + (0 - -46)
29
What is (131 + -116 - (31 + -5 + -2)) + -79?
-88
Calculate (-1 - -65) + (3367 - 3335).
96
Evaluate 12 - (42 + -64 - -22 - (1 - 59)).
-46
Evaluate -2 + 1 + 89 - ((-17 - 3) + 36).
72
Evaluate -21 - (1 - -3) - (-23 + 17 - -3).
-22
-79 + -4 - -119 - 60
-24
What is the value of (-31 - (36 - 15)) + 93?
41
What is -42 + 1 - (1670 + -1709)?
-2
What is 121 + (8 - 2) - ((22 - 20 - 9) + 15)?
119
Evaluate -4 - -22 - (10 - -14) - -1.
-5
Calculate (-110 - -82) + -2 + 31 - 61.
-60
7 + 2 + 43 + -183 + (-5 - -17) + -5
-124
Calculate (17 + -10 - 3) + (9 - (-62 + 15)).
60
Calculate 76 + -86 - (6 + (-10 - -7) + -58 + 0).
45
What is (0 - -4) + 6 - (91 + -77) - -15?
11
What is 10 - (23 + 8) - -68 - (-15 - (-1 + 2))?
63
What is 6 - (-8 + (8 - -87)) - (-19 + 4)?
-66
4 + 6 + 4 + (-24 - (17 - 11))
-16
56 + (-66 - (38 - 76)) + -37
-9
Evaluate 2 - 13 - ((-67 - -16) + 8 + -5).
37
Evaluate 4 + -39 + (1266 - 1342).
-111
42 - (3 + -11) - (22 + -26 + 2)
52
What is the value of -13 - (7 - 21) - (-37 + 76)?
-38
(1089 - 995) + (-98 - -1) - (6 - -1 - 0)
-10
40 - -1 - (-612 + 609)
44
-16 - (-44 + (28 + -37 - -2))
35
Calculate -31 - (53 - 49 - 35).
0
Evaluate (-19 - -52) + 2 + -8 + -5 - (-4 + 1).
25
Evaluate (94 - (110 - 46) - 76) + (12 - 1).
-35
(18 - (11 + 30) - (4 + -9)) + 49
31
Evaluate 16 + -3 + -3 + 5006 + -5089.
-73
-30 + 44 + 5 + 20
39
What is the value of (-253 + 198 - 9) + (-2 - 2)?
-68
What is the value of 11 - 11 - (17 + -32 + 5)?
10
Calculate 21 + -14 - (10 + -4 + -12).
13
What is 930 + -980 - (-41 - 7)?
-2
-320 + 369 + -2 + 4 + 2 + 2
55
Evaluate -37 + -1 - (-1 + 0) - (-15 - (-23 + 5)).
-40
-120 + (106 - 99) - -63
-50
1 + 55 + (-11 - (-5 - ((-10 - -11) + -2)))
49
Evaluate (8 - 8) + 0 + 8 - (276 + -275).
7
Evaluate 38 + 103 + -135 - 18.
-12
Calculate 54 - 116 - -297 - 147.
88
Calculate -2 + 24 + -17 + -1 + 32 + -29.
7
(-38 - 52) + 4 - -22
-64
Evaluate 28 - (60 + -122) - 118.
-28
(33 - (30 + -8)) + -2 + -7 - (11 + 1)
-10
What is 0 - 17 - (21 + 1 + -2 + 1499 + -1515)?
-21
-10 - (47 - 24 - 7 - (0 + 10 - -1))
-15
Evaluate -2 + 13 + (-38 - (-13 - 7)).
-7
What is the value of 1 + 10 + (6 + (-39 - -14) - -20)?
12
What is the value of (-12 - (-5 + (-18 - (-17 + 6)))) + (-5 - -118)?
113
Evaluate (45 + -88 + -14 - 5) + -1 + (-3 - -1).
-65
Evaluate 24 + (51 - (17 - -58) - 23).
-23
What is the value of -11 - (39 - 41 - (17 + -1))?
7
Calculate (44 + -11 - 29) + (5 - 55).
-46
(7869 - 7813) + (1 - -15)
72
What is the value of (-12 - -5 - (81 - (2 - -6)) - -2) + 10?
-68
What is the value of -10 - (-35 - -2 - (6 - 43 - -46))?
32
What is -99 + 18 + 151 + -89?
-19
What is 21 + (32 - 31) + -31 + 21?
12
Evaluate -20 + (-5 - -1) + -1 + 11 - 4.
-18
Evaluate -3 - ((-7 - -3) + 4 + -18 + 5).
10
Calculate -3 + (-11 - -5) + (1 - (5 - (81 + -6))).
62
What is -1 + -6 - (-728 - -668)?
53
(13 - -5) + (-31 - (-35 + 4))
18
What is (27 - (4 + -8)) + (51 - 41) + -11?
30
What is the value of 18 + (-150 - -76 - -169)?
113
Calculate 196 + -3 + -171 + 1 + -22.
1
Calculate (1156 - 1102) + (-5 - (4 + -7 + 2) - -4).
54
4 + (0 - 3) + (-1743 - -1648)
-94
What is the value of 32 + -142 + 153 + -150?
-107
Evaluate (14 - -2) + (-14 - -17 - -14) + (-13 - 2).
18
Evaluate 17 + (0 - 5 - -1) + 20.
33
Evaluate -108 + (-62 - -59 - -84).
-27
What is 120 + (29 - (13 + -21 - -78))?
79
6 + (-20 - -2) + (6 + 4 - (31 - 12))
-21
Calculate -90 + 220 + 34 + -172.
-8
What is the value of (-19 - ((-40 - 0) + 20)) + -24?
-23
-82 - (-19 + -1 - -45 - 33)
-74
What is the value of 32 - (53 + -25 + -32 - 66)?
102
What is (-3 + (69 - -4) - -6) + (212 - 214)?
74
-4 + (1 - 7 - 4) + 462 + -375
73
What is the value of 10 + 16 - 28 - (31 - -1 - 8)?
-26
2 + -2 - 2 - -76 - (230 - 215)
59
Evaluate -170 - (-14 + -150) - (-132 - 0).
126
-23 - ((31 - (27 + 23)) + (2 - (-7 + -1)))
-14
Evaluate -67 - 22 - -51 - (3 + -12).
-29
Evaluate 5 + -43 + 19 - (2 + -